 + 45, -2*j + 45 = 5*f. Let p be 60/18*12/j. Let l(q) = 44*q**2 - q - 1. Let z be l(-1). Calculate the greatest common factor of p and z.
4
Suppose 5*s - 5*x = 5, -x - 1 = 1. Let q(m) = m**2 - 10*m + 11. Let f be q(9). Let r be 6/((f/(-2))/s). What is the highest common divisor of 4 and r?
2
Let h(t) = 2 + 0*t - 2*t + 0*t. Let v be h(-4). Calculate the highest common divisor of v and 90.
10
Let m(r) = -r. Let t = -8 + 12. Suppose 3*f - 5 = t*f. Let b be m(f). Calculate the highest common factor of 45 and b.
5
Let p = 22 - 18. Suppose -1 - 3 = -n - p*q, 4*q + 12 = 0. Calculate the highest common divisor of 128 and n.
16
Suppose 35*p = 32*p + 108. Calculate the greatest common factor of p and 72.
36
Suppose 35 = 8*k - 3*k. Let w = -4 + k. Suppose -3 = -w*o + 12. Calculate the highest common factor of 15 and o.
5
Let s be 8 + (1 - (-1 + 3)). Suppose -4*u - 20 = -5*r, -4*u - 3 = 4*r - 19. Suppose 4*l = -u*l + 28. Calculate the greatest common factor of l and s.
7
Suppose 4*k = -122 + 22. Let z = k + 38. What is the highest common divisor of 26 and z?
13
Let x = 4 - 0. Suppose 4*y - x*w = 156, w + 49 = 2*y - 30. Calculate the highest common divisor of 8 and y.
8
Suppose -4*h = -p - 3*p - 24, -5*h = p - 42. Suppose 0 = 2*y + z - 25, -3*z - 15 = y - h*z. Calculate the greatest common factor of y and 50.
10
Suppose j + 4*y = -3 + 23, 0 = -3*j + y + 21. What is the greatest common divisor of 4 and j?
4
Let f(a) = -a**3 + 5*a**2 + 2*a + 15. Let p be f(4). What is the greatest common divisor of p and 3?
3
Suppose 0*p + 4*p - 152 = 0. What is the greatest common divisor of 19 and p?
19
Let h(i) = 9*i - 3*i - 2*i + 5*i. Let q be h(2). Suppose -36 = -3*z + q. What is the greatest common factor of z and 144?
18
Suppose 2*c - u + 16 = 5, -2 = 2*u. Let q be (-3)/18 - 49/c. Let a = 17 + -9. Calculate the highest common divisor of q and a.
8
Suppose 2*d - 4 = -0. Let n be ((-5)/d)/(1/(-2)). Suppose -6*q + 2*q - 3 = -3*u, 22 = -q + n*u. What is the greatest common divisor of q and 15?
3
Let u = -220 + 308. Calculate the highest common divisor of 22 and u.
22
Suppose 5*q - 1 - 9 = 0. Suppose -3*n + 12 = -0, -3*n = -3*c + 24. Let t be (-3)/(7/((-56)/c)). What is the highest common divisor of q and t?
2
Let m be ((-10)/3)/((-1)/3). Calculate the highest common divisor of m and 50.
10
Let r(v) = 11*v**3 - 2*v**2 + v. Let z be r(1). Suppose 2*l = l + z. Calculate the highest common divisor of l and 20.
10
Suppose 5*h - 42 - 33 = 0. Let m = 2 + 28. What is the greatest common factor of h and m?
15
Suppose -2*n + 200 = 3*n. Let t = n - 27. Suppose 0 = -0*a + 2*a - 3*g - t, -24 = -5*a - g. Calculate the highest common factor of 1 and a.
1
Suppose -5*n + 6*i - 2*i = -258, -261 = -5*n + 3*i. Suppose -150 = -3*f + n. Calculate the greatest common factor of 17 and f.
17
Let a(v) = 2*v**2 + 4*v - 4. Let r be a(-4). Let g = -13 - -37. What is the highest common factor of r and g?
12
Let v be 2/((-28)/15 - -2). What is the highest common factor of 15 and v?
15
Suppose i + 0*i - 95 = 0. What is the highest common factor of 19 and i?
19
Let w be 4/10*(-25)/5. Let c = w - -11. What is the greatest common divisor of 45 and c?
9
Let k be (5/2)/(2/12). Suppose 4*q - 293 = 187. Calculate the greatest common divisor of k and q.
15
Let c be 4/(-10)*(-36 + 1). Suppose 0 = -4*f + c - 2. Let m = 4 - f. Calculate the greatest common divisor of m and 1.
1
Suppose 5*f - 818 = -183. Suppose -3*c + f = 4*w, w = 4*c - 8*c + 178. Calculate the highest common factor of c and 5.
5
Let u = -58 + 18. Let f = u - -140. Calculate the highest common divisor of f and 10.
10
Let l(r) = -r**2 + 4*r - 3. Let i be l(2). What is the greatest common factor of i and 5?
1
Let g(j) = -12*j - 8. Let t be g(-4). Calculate the greatest common factor of 20 and t.
20
Let u(d) = -7*d + 30. Let j be u(0). Calculate the highest common divisor of 240 and j.
30
Let l = 14 - 4. Suppose 6*a - l = 4*a. Suppose -3*d + a*z + 16 + 24 = 0, 0 = -3*d - z + 46. What is the greatest common divisor of 135 and d?
15
Suppose 46 = -5*d + 136. Let k = 31 - d. What is the highest common divisor of 117 and k?
13
Suppose 5*p - k - 2*k + 12 = 0, 2*p + 10 = -4*k. Let t be 0 + 15/((-9)/p). What is the greatest common divisor of 2 and t?
1
Let x be 3 - (0 + 0 - -1). Suppose x*j - 12 - 16 = 0. Let c(n) = 2*n**2 + 10*n + 8. Let k be c(-8). What is the greatest common divisor of j and k?
14
Let k = 12 - 9. Suppose -k*y - 54 = -6*y. Calculate the highest common factor of y and 108.
18
Suppose 0 = -8*a + 6*a + 20. What is the greatest common factor of a and 90?
10
Let f = -4 - -1. Let h be 2/(25/8 + f). Calculate the greatest common divisor of 16 and h.
16
Let a be 141/21 + (-4)/(-14). Suppose -a - 13 = -4*v. Suppose v*m - 42 = -7. What is the greatest common factor of 21 and m?
7
Suppose 0 = -2*u - 2*x + x + 63, -4*u + 2*x = -114. Let h(p) = -7*p - 4. Let j be h(-2). Calculate the highest common divisor of j and u.
10
Let j be (-1)/(((-1)/1)/8). Let z = j + -4. Suppose -3*v = -z*v + 5. Calculate the greatest common divisor of v and 15.
5
Let j be (10/6)/(1/12). Let z be ((-8)/(-32))/(-3*(-3)/180). Calculate the highest common factor of j and z.
5
Let r(g) = g**3 - g**2 - g - 4. Let h be r(3). What is the highest common divisor of h and 77?
11
Let d = -5 - 0. Let h = -8 - -6. Let z be 132/(h - d) - 0. What is the greatest common factor of 11 and z?
11
Let g(w) = -w**3 - w**2 - w + 30. Let d be g(0). Let t = d + -11. Calculate the greatest common factor of t and 76.
19
Let h = -2 + 7. Suppose -3*q + 93 = 3*b, h*b = -0*b + 2*q + 162. Suppose b = u + u. What is the highest common divisor of u and 40?
8
Let x = -45 - -48. Calculate the greatest common factor of x and 9.
3
Let j(c) = 10*c - 4. Let k be j(4). Let q = 94 + -76. Calculate the greatest common divisor of k and q.
18
Let g = -39 + 59. Calculate the greatest common divisor of g and 10.
10
Suppose 0*v - 4*v + 28 = 0. Let i = v + -2. Suppose i*h - 3*j = 4*h + 38, 5*j + 10 = 0. Calculate the highest common factor of h and 80.
16
Let y be ((-1)/1 - 0)/(-1). Let p(k) = k + 15. Let j be p(-10). Calculate the greatest common factor of j and y.
1
Suppose 3*z = -y + 175, 2*z - 179 = -y + 3*z. Suppose -2*g - h + 104 = -y, g = -h + 139. Calculate the greatest common factor of g and 13.
13
Let w = -95 + 158. What is the highest common divisor of 252 and w?
63
Suppose 4*r - 441 = 119. What is the highest common factor of 35 and r?
35
Let s be ((-8)/(-10))/(18/(-45)). Let a(t) = -6*t**3 + t**2 + 2*t + 1. Let f be a(s). What is the greatest common factor of 7 and f?
7
Let g = 41 + -25. What is the greatest common factor of 64 and g?
16
Suppose 5*s = 3*x + 1807, 2*s - 6*s + x + 1447 = 0. Let g = s + -191. Let t = -53 + 72. Calculate the greatest common factor of g and t.
19
Let z = 8 + 24. Let h = 21 - 13. What is the greatest common factor of h and z?
8
Suppose 2*c + 8 = -2*c. Let v = 4 + c. Suppose 3*w = -v*w + 90. Calculate the greatest common factor of 6 and w.
6
Suppose 3*i = 241 - 76. What is the greatest common factor of i and 11?
11
Let j(x) = -3*x**3 + x**2 - 1. Let t be j(-2). What is the greatest common divisor of 6 and t?
3
Let g(u) = -75*u**3. Let h = -1 + 3. Suppose -2*j + 3*b + b = 10, 4*j - h = -3*b. Let q be g(j). What is the greatest common divisor of q and 25?
25
Suppose 0 = 2*c + 4*c - 84. What is the greatest common divisor of 28 and c?
14
Suppose -3*d + 76 = 2*d - 4*c, 47 = 3*d - c. Calculate the greatest common divisor of d and 2.
2
Suppose 61*b = 55*b + 306. What is the greatest common divisor of 3 and b?
3
Suppose -4*y = -2*j + 188, -j - 5*y = -15 - 65. What is the highest common divisor of j and 10?
10
Let t(a) = 3*a**2 + 2*a + 1. Let x be t(-1). Suppose -4*i + k + 115 = 0, 2*i + x*k - 9 = 61. Calculate the greatest common divisor of i and 12.
6
Let c(w) = w**3 + 3*w**2 - 3*w - 1. Let a be c(-3). Let f = -116 - -172. Calculate the highest common divisor of a and f.
8
Suppose 2*d = -i, 3*i + 2 = -0*d - 4*d. Let k(r) = 5*r**2 - 2. Let n be k(i). What is the highest common factor of n and 12?
6
Let r be (33/(-9) + 4)*24. What is the greatest common divisor of r and 40?
8
Let h(j) = 5*j**2 - 18*j - 9. Let w(y) = 6*y**2 - 18*y - 8. Let n(f) = -5*h(f) + 4*w(f). Let z be n(11). Calculate